7 is divided by 136578.
203
What is the remainder when 387595 is divided by 127?
118
What is the remainder when 184072 is divided by 252?
112
What is the remainder when 142029 is divided by 146?
117
Calculate the remainder when 9835743 is divided by 28427.
1
Calculate the remainder when 2539800477 is divided by 70.
67
What is the remainder when 177215 is divided by 3403?
259
Calculate the remainder when 12317062 is divided by 457.
455
Calculate the remainder when 18685 is divided by 46.
9
What is the remainder when 66834914 is divided by 71?
58
Calculate the remainder when 73320 is divided by 1170.
780
What is the remainder when 317896 is divided by 16676?
1052
What is the remainder when 40624549 is divided by 463?
3
Calculate the remainder when 622161 is divided by 9902.
8237
Calculate the remainder when 305602887 is divided by 7218.
7203
What is the remainder when 34954119 is divided by 153?
45
Calculate the remainder when 57624 is divided by 464.
88
What is the remainder when 289011585 is divided by 14953?
1
What is the remainder when 127368 is divided by 9937?
8124
Calculate the remainder when 139964 is divided by 69963.
38
What is the remainder when 5527106 is divided by 2763301?
504
Calculate the remainder when 18515 is divided by 1211.
350
What is the remainder when 7821828 is divided by 333?
324
Calculate the remainder when 603238 is divided by 4189.
22
Calculate the remainder when 204692 is divided by 554.
266
Calculate the remainder when 149360 is divided by 820.
120
What is the remainder when 29606330 is divided by 559?
13
What is the remainder when 33718 is divided by 281?
279
Calculate the remainder when 799916 is divided by 266506.
398
Calculate the remainder when 65409351 is divided by 5.
1
Calculate the remainder when 5729981 is divided by 15.
11
Calculate the remainder when 9373203 is divided by 128.
19
Calculate the remainder when 1563473399 is divided by 60.
59
Calculate the remainder when 46824498 is divided by 182.
84
Calculate the remainder when 1647300 is divided by 235302.
186
Calculate the remainder when 10857 is divided by 6866.
3991
Calculate the remainder when 473960 is divided by 1224.
272
Calculate the remainder when 33912754 is divided by 204.
202
What is the remainder when 2040544 is divided by 291506?
2
Calculate the remainder when 33398 is divided by 1036.
246
Calculate the remainder when 4074574 is divided by 349.
348
What is the remainder when 4228545 is divided by 295?
15
What is the remainder when 96846246 is divided by 125?
121
Calculate the remainder when 5479487 is divided by 456623.
11
Calculate the remainder when 694857 is divided by 96.
9
Calculate the remainder when 23709 is divided by 1498.
1239
What is the remainder when 1069079 is divided by 1068969?
110
Calculate the remainder when 14008934 is divided by 2065.
2039
Calculate the remainder when 21561 is divided by 831.
786
What is the remainder when 543858 is divided by 866?
10
Calculate the remainder when 409977 is divided by 786.
471
Calculate the remainder when 1605929 is divided by 2562.
2117
Calculate the remainder when 690363 is divided by 22267.
86
What is the remainder when 724577 is divided by 13714?
11449
Calculate the remainder when 112405132 is divided by 37468374.
10
What is the remainder when 1645641 is divided by 198?
63
Calculate the remainder when 73557 is divided by 36665.
227
What is the remainder when 26600762 is divided by 886691?
32
What is the remainder when 2271365 is divided by 2927?
13
Calculate the remainder when 15535830 is divided by 3107166.
0
What is the remainder when 326453 is divided by 29666?
127
Calculate the remainder when 24572043 is divided by 9203.
33
What is the remainder when 10245731 is divided by 223?
219
What is the remainder when 1883267 is divided by 1883267?
0
What is the remainder when 4064320 is divided by 10448?
48
What is the remainder when 323561441 is divided by 94?
93
What is the remainder when 988771 is divided by 13?
4
What is the remainder when 362331481 is divided by 431347?
1
What is the remainder when 14594102 is divided by 70?
12
What is the remainder when 75618022 is divided by 221?
220
Calculate the remainder when 1913162 is divided by 50.
12
Calculate the remainder when 87339191 is divided by 130.
121
What is the remainder when 408623 is divided by 2186?
2027
What is the remainder when 3220869 is divided by 803?
36
Calculate the remainder when 4970796 is divided by 22.
6
What is the remainder when 9171760 is divided by 171?
4
Calculate the remainder when 1881438 is divided by 19.
1
What is the remainder when 8144070 is divided by 330?
0
What is the remainder when 2898 is divided by 145?
143
What is the remainder when 958821551 is divided by 1043?
1038
What is the remainder when 402037 is divided by 44164?
4561
Calculate the remainder when 37103325 is divided by 52.
25
What is the remainder when 2031024 is divided by 18633?
27
Calculate the remainder when 1799012 is divided by 41833.
193
What is the remainder when 1619706 is divided by 2812?
2806
What is the remainder when 57949 is divided by 1285?
124
Calculate the remainder when 243630176 is divided by 9.
5
Calculate the remainder when 441267 is divided by 6344.
3531
What is the remainder when 281467 is divided by 3026?
49
Calculate the remainder when 130137 is divided by 5371.
1233
What is the remainder when 104693 is divided by 1686?
161
Calculate the remainder when 8967442 is divided by 151990.
32
Calculate the remainder when 168605677 is divided by 40.
37
Calculate the remainder when 14506554 is divided by 1511.
954
Calculate the remainder when 202984 is divided by 40556.
204
Calculate the remainder when 108619976 is divided by 88.
80
Calculate the remainder when 1059467 is divided by 1341.
77
Calculate the remainder when 8200331 is divided by 4100155.
21
What is the remainder when 1497501 is divided by 2463?
2460
What is the remainder when 38068864 is divided by 2939?
2936
Calculate the remainder when 69211 is divided by 1557.
703
What is the remainder when 4156 is divided by 244?
8
Calculate the remainder when 70176316 is divided by 10.
6
Calculate the remainder when 405289013 is divided by 8300.
13
Calculate the remainder when 1697002 is divided by 848329.
344
Calculate the remainder when 2991 is divided by 1090.
811
Calculate the remainder when 20674 is divided by 3181.
1588
What is the remainder when 89406 is divided by 717?
498
What is the remainder when 18118430 is divided by 74?
48
What is the remainder when 5585617 is divided by 76?
73
Calculate the remainder when 1936256 is divided by 31.
27
Calculate the remainder when 591456 is divided by 197134.
54
What is the remainder when 13581469 is divided by 147?
139
What is the remainder when 27764467 is divided by 153?
16
What is the remainder when 150950 is divided by 9901?
2435
Calculate the remainder when 15914878 is divided by 22.
12
Calculate the remainder when 1405478 is divided by 14.
4
What is the remainder when 206406 is divided by 118?
24
Calculate the remainder when 21819101 is divided by 165296.
29
Calculate the remainder when 175999 is divided by 29319.
85
What is the remainder when 3804862 is divided by 31707?
22
Calculate the remainder when 411098 is divided by 1046.
20
What is the remainder when 2846 is divided by 2450?
396
Calculate the remainder when 239592 is divided by 247.
2
Calculate the remainder when 18693 is divided by 333.
45
Calculate the remainder when 6362033 is divided by 2120674.
11
Calculate the remainder when 54206 is divided by 159.
146
What is the remainder when 3890110 is divided by 12?
10
Calculate the remainder when 20775 is divided by 942.
51
Calculate the remainder when 292232 is divided by 1554.
80
Calculate the remainder when 1384813 is divided by 74.
51
What is the remainder when 1096956 is divided by 2575?
6
Calculate the remainder when 8123400 is divided by 322.
306
Calculate the remainder when 178108 is divided by 59333.
109
What is the remainder when 150228040 is divided by 46?
44
What is the remainder when 2214358 is divided by 14013?
304
What is the remainder when 50227 is divided by 28?
23
Calculate the remainder when 890743 is divided by 10860.
223
What is the remainder when 717563 is divided by 298?
277
What is the re